ded by 2122.
131
What is the remainder when 783679 is divided by 630?
589
What is the remainder when 19754491 is divided by 9902?
1
What is the remainder when 4958724 is divided by 18783?
12
What is the remainder when 165469335 is divided by 27?
24
Calculate the remainder when 72037197 is divided by 3460.
3457
Calculate the remainder when 1713923 is divided by 21.
8
Calculate the remainder when 276341 is divided by 3036.
65
Calculate the remainder when 2238958 is divided by 41.
30
What is the remainder when 8058 is divided by 2677?
27
What is the remainder when 46871021 is divided by 38?
35
What is the remainder when 587935 is divided by 2028?
1843
What is the remainder when 9280 is divided by 25?
5
Calculate the remainder when 3540798 is divided by 458.
0
What is the remainder when 12999884 is divided by 327?
326
What is the remainder when 1977604 is divided by 1977547?
57
What is the remainder when 9019612 is divided by 9415?
42
What is the remainder when 18942 is divided by 18387?
555
Calculate the remainder when 1413124957 is divided by 2080.
2077
What is the remainder when 133447 is divided by 16668?
103
What is the remainder when 33996 is divided by 148?
104
What is the remainder when 2585658 is divided by 1265?
1263
Calculate the remainder when 366433 is divided by 415.
403
Calculate the remainder when 3088144 is divided by 183.
19
Calculate the remainder when 13560615 is divided by 734.
699
What is the remainder when 20981 is divided by 9556?
1869
Calculate the remainder when 28964918 is divided by 1942.
1930
Calculate the remainder when 333805831 is divided by 58.
55
What is the remainder when 7774419 is divided by 786?
93
Calculate the remainder when 22825940 is divided by 286.
280
Calculate the remainder when 20251815 is divided by 177.
6
What is the remainder when 129621 is divided by 3241?
3222
What is the remainder when 248891 is divided by 960?
251
Calculate the remainder when 61476664 is divided by 201.
10
What is the remainder when 65818 is divided by 628?
506
Calculate the remainder when 28885 is divided by 255.
70
Calculate the remainder when 33511742 is divided by 434.
432
Calculate the remainder when 8252188 is divided by 90.
88
What is the remainder when 185137 is divided by 26397?
358
Calculate the remainder when 3446090 is divided by 2720.
2570
What is the remainder when 48703771 is divided by 959?
956
Calculate the remainder when 27186766 is divided by 98.
96
Calculate the remainder when 122162 is divided by 3231.
2615
What is the remainder when 1827648 is divided by 239?
15
Calculate the remainder when 2137302917 is divided by 139.
136
Calculate the remainder when 227916 is divided by 113904.
108
Calculate the remainder when 580510 is divided by 3585.
3325
Calculate the remainder when 479617 is divided by 95589.
1672
What is the remainder when 218336297 is divided by 455?
452
Calculate the remainder when 635554 is divided by 1811.
1704
Calculate the remainder when 78300 is divided by 11155.
215
Calculate the remainder when 67281915 is divided by 487550.
15
What is the remainder when 218923 is divided by 684?
43
What is the remainder when 3124447 is divided by 1130?
1127
What is the remainder when 1363959 is divided by 9032?
127
Calculate the remainder when 104131 is divided by 751.
493
What is the remainder when 11062654 is divided by 6336?
6334
What is the remainder when 261758 is divided by 52331?
103
Calculate the remainder when 383845 is divided by 383845.
0
Calculate the remainder when 1640345 is divided by 28.
21
What is the remainder when 1256791 is divided by 628317?
157
Calculate the remainder when 394469 is divided by 14574.
971
Calculate the remainder when 20183772 is divided by 31.
13
What is the remainder when 34202378 is divided by 21?
14
Calculate the remainder when 172281 is divided by 28694.
117
Calculate the remainder when 389506 is divided by 55322.
2252
Calculate the remainder when 93409067 is divided by 410.
407
Calculate the remainder when 184065 is divided by 10825.
40
Calculate the remainder when 27067559 is divided by 1560.
1559
What is the remainder when 2209622 is divided by 300?
122
Calculate the remainder when 22054940 is divided by 1126.
1104
What is the remainder when 939333 is divided by 27627?
15
Calculate the remainder when 5265816 is divided by 2334.
312
Calculate the remainder when 3873375 is divided by 46.
37
What is the remainder when 1377608 is divided by 28?
8
Calculate the remainder when 36407359 is divided by 270.
19
What is the remainder when 87176 is divided by 122?
68
Calculate the remainder when 3599199 is divided by 6359.
5
What is the remainder when 6696 is divided by 6485?
211
What is the remainder when 5143290 is divided by 262?
230
Calculate the remainder when 313533 is divided by 7647.
6
Calculate the remainder when 85505 is divided by 812.
245
Calculate the remainder when 86332 is divided by 43133.
66
What is the remainder when 261496 is divided by 985?
471
Calculate the remainder when 3059361 is divided by 3763.
42
What is the remainder when 3112 is divided by 266?
186
Calculate the remainder when 351407 is divided by 112.
63
Calculate the remainder when 146204902 is divided by 4716287.
5
What is the remainder when 1014159 is divided by 20283?
9
Calculate the remainder when 470853303 is divided by 5322.
5319
What is the remainder when 2809442 is divided by 82?
40
Calculate the remainder when 1514146 is divided by 1064.
74
Calculate the remainder when 1081606 is divided by 151.
144
What is the remainder when 20620527 is divided by 4610?
4607
Calculate the remainder when 16683235 is divided by 1583.
1581
Calculate the remainder when 77750372 is divided by 137.
132
Calculate the remainder when 213778418 is divided by 1518.
1514
Calculate the remainder when 4485514 is divided by 454.
448
What is the remainder when 4521419 is divided by 1231?
1187
Calculate the remainder when 19421499 is divided by 6473833.
0
Calculate the remainder when 83599241 is divided by 130.
11
What is the remainder when 9861 is divided by 586?
485
What is the remainder when 13349 is divided by 5940?
1469
Calculate the remainder when 5202046 is divided by 46.
44
Calculate the remainder when 143799 is divided by 71337.
1125
Calculate the remainder when 1299 is divided by 66.
45
What is the remainder when 176672 is divided by 19591?
353
Calculate the remainder when 19108148 is divided by 3821629.
3
What is the remainder when 9749 is divided by 504?
173
What is the remainder when 1088479 is divided by 37?
13
What is the remainder when 237752 is divided by 253?
185
What is the remainder when 999852 is divided by 58746?
1170
Calculate the remainder when 92406958 is divided by 4302.
4300
What is the remainder when 342628 is divided by 56797?
1846
Calculate the remainder when 366917 is divided by 11835.
32
Calculate the remainder when 154442 is divided by 2124.
1514
Calculate the remainder when 130967765 is divided by 265.
260
Calculate the remainder when 245770 is divided by 81878.
136
Calculate the remainder when 2887959 is divided by 45119.
343
Calculate the remainder when 70165 is divided by 1559.
10
Calculate the remainder when 3364381 is divided by 1549.
1502
Calculate the remainder when 47448 is divided by 6483.
2067
What is the remainder when 483506 is divided by 161063?
317
What is the remainder when 56684 is divided by 11186?
754
What is the remainder when 6001099 is divided by 94?
45
What is the remainder when 289712322 is divided by 2162?
2160
What is the remainder when 179341 is divided by 44356?
1917
Calculate the remainder when 3295128 is divided by 5853.
5742
Calculate the remainder when 4260453 is divided by 694.
681
Calculate the remainder when 6819 is divided by 6705.
114
What is the remainder when 182600 is divided by 88254?
6092
What is the remainder when 2631320 is divided by 13425?
20
What is the remainder when 1250986749 is divided by 288?
285
What is the remainder when 366442 is divided by 2618?
2540
What is the remainder when 175017 is divided by 87507?
3
Calculate the remainder when 13061764 is divided by 1187.
16
Calculate the remainder when 2890226 is divided by 75.
26
What is the remainder when 23006080 is divided by 111?
109
Calculate the remainder when 18450412 is di